{"id":21,"date":"2026-03-14T14:35:12","date_gmt":"2026-03-14T14:35:12","guid":{"rendered":"https:\/\/o8-com.com\/?page_id=21"},"modified":"2026-03-14T16:23:50","modified_gmt":"2026-03-14T16:23:50","slug":"trang-chu","status":"publish","type":"page","link":"https:\/\/o8-com.com\/","title":{"rendered":"Trang ch\u1ee7"},"content":{"rendered":"<div class=\"row row-collapse row-full-width\"  id=\"row-1737677294\">\n\n\t<div id=\"col-2060652928\" class=\"col medium-4 large-4\"  >\n\t\t\t\t<div class=\"col-inner\"  >\n\t\t\t\n\t\t\t\n\t<div class=\"img has-hover x md-x lg-x y md-y lg-y\" id=\"image_1013486640\">\n\t\t<a class=\"\" href=\"https:\/\/o8-com.com\/qc\/1\" target=\"_blank\" rel=\"noopener\" >\t\t\t\t\t\t<div class=\"img-inner dark\" >\n\t\t\t<img loading=\"lazy\" decoding=\"async\" width=\"2560\" height=\"640\" src=\"https:\/\/o8-com.com\/wp-content\/uploads\/2026\/03\/o8-KM.png\" class=\"attachment-original size-original\" alt=\"o8\" srcset=\"https:\/\/o8-com.com\/wp-content\/uploads\/2026\/03\/o8-KM.png 2560w, https:\/\/o8-com.com\/wp-content\/uploads\/2026\/03\/o8-KM-300x75.png 300w, https:\/\/o8-com.com\/wp-content\/uploads\/2026\/03\/o8-KM-1024x256.png 1024w, https:\/\/o8-com.com\/wp-content\/uploads\/2026\/03\/o8-KM-768x192.png 768w, https:\/\/o8-com.com\/wp-content\/uploads\/2026\/03\/o8-KM-1536x384.png 1536w, https:\/\/o8-com.com\/wp-content\/uploads\/2026\/03\/o8-KM-2048x512.png 2048w\" sizes=\"auto, (max-width: 2560px) 100vw, 2560px\" \/>\t\t\t\t\t\t\n\t\t\t\t\t<\/div>\n\t\t\t\t\t\t<\/a>\t\t\n<style>\n#image_1013486640 {\n  width: 100%;\n}\n<\/style>\n\t<\/div>\n\t\n\t\t<\/div>\n\t\t\t\t\t<\/div>\n\n\t\n\n\t<div id=\"col-644234486\" class=\"col medium-4 large-4\"  >\n\t\t\t\t<div class=\"col-inner\"  >\n\t\t\t\n\t\t\t\n\t<div class=\"img has-hover x md-x lg-x y md-y lg-y\" id=\"image_284788863\">\n\t\t<a class=\"\" href=\"https:\/\/o8-com.com\/qc\/1\" target=\"_blank\" rel=\"noopener\" >\t\t\t\t\t\t<div class=\"img-inner dark\" >\n\t\t\t<img loading=\"lazy\" decoding=\"async\" width=\"2560\" height=\"640\" src=\"https:\/\/o8-com.com\/wp-content\/uploads\/2026\/03\/o8-1.png\" class=\"attachment-original size-original\" alt=\"o8\" srcset=\"https:\/\/o8-com.com\/wp-content\/uploads\/2026\/03\/o8-1.png 2560w, https:\/\/o8-com.com\/wp-content\/uploads\/2026\/03\/o8-1-300x75.png 300w, https:\/\/o8-com.com\/wp-content\/uploads\/2026\/03\/o8-1-1024x256.png 1024w, https:\/\/o8-com.com\/wp-content\/uploads\/2026\/03\/o8-1-768x192.png 768w, https:\/\/o8-com.com\/wp-content\/uploads\/2026\/03\/o8-1-1536x384.png 1536w, https:\/\/o8-com.com\/wp-content\/uploads\/2026\/03\/o8-1-2048x512.png 2048w\" sizes=\"auto, (max-width: 2560px) 100vw, 2560px\" \/>\t\t\t\t\t\t\n\t\t\t\t\t<\/div>\n\t\t\t\t\t\t<\/a>\t\t\n<style>\n#image_284788863 {\n  width: 100%;\n}\n<\/style>\n\t<\/div>\n\t\n\t\t<\/div>\n\t\t\t\t\t<\/div>\n\n\t\n\n\t<div id=\"col-1401329207\" class=\"col medium-4 large-4\"  >\n\t\t\t\t<div class=\"col-inner\"  >\n\t\t\t\n\t\t\t\n\t<div class=\"img has-hover x md-x lg-x y md-y lg-y\" id=\"image_3512677\">\n\t\t<a class=\"\" href=\"https:\/\/o8-com.com\/qc\/1\" target=\"_blank\" rel=\"noopener\" >\t\t\t\t\t\t<div class=\"img-inner dark\" >\n\t\t\t<img loading=\"lazy\" decoding=\"async\" width=\"2560\" height=\"640\" src=\"https:\/\/o8-com.com\/wp-content\/uploads\/2026\/03\/o8-LIXI.png\" class=\"attachment-original size-original\" alt=\"o8\" srcset=\"https:\/\/o8-com.com\/wp-content\/uploads\/2026\/03\/o8-LIXI.png 2560w, https:\/\/o8-com.com\/wp-content\/uploads\/2026\/03\/o8-LIXI-300x75.png 300w, https:\/\/o8-com.com\/wp-content\/uploads\/2026\/03\/o8-LIXI-1024x256.png 1024w, https:\/\/o8-com.com\/wp-content\/uploads\/2026\/03\/o8-LIXI-768x192.png 768w, https:\/\/o8-com.com\/wp-content\/uploads\/2026\/03\/o8-LIXI-1536x384.png 1536w, https:\/\/o8-com.com\/wp-content\/uploads\/2026\/03\/o8-LIXI-2048x512.png 2048w\" sizes=\"auto, (max-width: 2560px) 100vw, 2560px\" \/>\t\t\t\t\t\t\n\t\t\t\t\t<\/div>\n\t\t\t\t\t\t<\/a>\t\t\n<style>\n#image_3512677 {\n  width: 100%;\n}\n<\/style>\n\t<\/div>\n\t\n\t\t<\/div>\n\t\t\t\t\t<\/div>\n\n\t\n<\/div>\n<div class=\"row\"  id=\"row-408000019\">\n\n\t<div id=\"col-1174174587\" class=\"col medium-4 small-12 large-4\"  >\n\t\t\t\t<div class=\"col-inner\"  >\n\t\t\t\n\t\t\t\n<div class=\"row\"  id=\"row-1580515623\">\n\n\t<div id=\"col-727480443\" class=\"col medium-6 small-12 large-6\"  >\n\t\t\t\t<div class=\"col-inner\"  >\n\t\t\t\n\t\t\t\n\t<div class=\"img has-hover x md-x lg-x y md-y lg-y\" id=\"image_1502053091\">\n\t\t<a class=\"\" href=\"https:\/\/o8-com.com\/qc\/1\" target=\"_blank\" rel=\"noopener\" >\t\t\t\t\t\t<div class=\"img-inner dark\" >\n\t\t\t<img loading=\"lazy\" decoding=\"async\" width=\"160\" height=\"250\" src=\"https:\/\/o8-com.com\/wp-content\/uploads\/2026\/03\/casino.webp\" class=\"attachment-original size-original\" alt=\"o8\" \/>\t\t\t\t\t\t\n\t\t\t\t\t<\/div>\n\t\t\t\t\t\t<\/a>\t\t\n<style>\n#image_1502053091 {\n  width: 100%;\n}\n<\/style>\n\t<\/div>\n\t\n\t\t<\/div>\n\t\t\t\t\t<\/div>\n\n\t\n\n\t<div id=\"col-682379775\" class=\"col medium-6 small-12 large-6\"  >\n\t\t\t\t<div class=\"col-inner\"  >\n\t\t\t\n\t\t\t\n\t<div class=\"img has-hover x md-x lg-x y md-y lg-y\" id=\"image_108641129\">\n\t\t<a class=\"\" href=\"https:\/\/o8-com.com\/qc\/1\" target=\"_blank\" rel=\"noopener\" >\t\t\t\t\t\t<div class=\"img-inner dark\" >\n\t\t\t<img loading=\"lazy\" decoding=\"async\" width=\"160\" height=\"250\" src=\"https:\/\/o8-com.com\/wp-content\/uploads\/2026\/03\/no-hu.webp\" class=\"attachment-original size-original\" alt=\"o8\" \/>\t\t\t\t\t\t\n\t\t\t\t\t<\/div>\n\t\t\t\t\t\t<\/a>\t\t\n<style>\n#image_108641129 {\n  width: 100%;\n}\n<\/style>\n\t<\/div>\n\t\n\t\t<\/div>\n\t\t\t\t\t<\/div>\n\n\t\n<\/div>\n\t\t<\/div>\n\t\t\t\t\t<\/div>\n\n\t\n\n\t<div id=\"col-1619291320\" class=\"col medium-4 small-12 large-4\"  >\n\t\t\t\t<div class=\"col-inner\"  >\n\t\t\t\n\t\t\t\n<div class=\"row\"  id=\"row-307917298\">\n\n\t<div id=\"col-2055063099\" class=\"col medium-6 small-12 large-6\"  >\n\t\t\t\t<div class=\"col-inner\"  >\n\t\t\t\n\t\t\t\n\t<div class=\"img has-hover x md-x lg-x y md-y lg-y\" id=\"image_1848362582\">\n\t\t<a class=\"\" href=\"https:\/\/o8-com.com\/qc\/1\" target=\"_blank\" rel=\"noopener\" >\t\t\t\t\t\t<div class=\"img-inner dark\" >\n\t\t\t<img loading=\"lazy\" decoding=\"async\" width=\"160\" height=\"250\" src=\"https:\/\/o8-com.com\/wp-content\/uploads\/2026\/03\/the-thao.webp\" class=\"attachment-original size-original\" alt=\"o8\" \/>\t\t\t\t\t\t\n\t\t\t\t\t<\/div>\n\t\t\t\t\t\t<\/a>\t\t\n<style>\n#image_1848362582 {\n  width: 100%;\n}\n<\/style>\n\t<\/div>\n\t\n\t\t<\/div>\n\t\t\t\t\t<\/div>\n\n\t\n\n\t<div id=\"col-1854583908\" class=\"col medium-6 small-12 large-6\"  >\n\t\t\t\t<div class=\"col-inner\"  >\n\t\t\t\n\t\t\t\n\t<div class=\"img has-hover x md-x lg-x y md-y lg-y\" id=\"image_1450516890\">\n\t\t<a class=\"\" href=\"https:\/\/o8-com.com\/qc\/1\" target=\"_blank\" rel=\"noopener\" >\t\t\t\t\t\t<div class=\"img-inner dark\" >\n\t\t\t<img loading=\"lazy\" decoding=\"async\" width=\"160\" height=\"250\" src=\"https:\/\/o8-com.com\/wp-content\/uploads\/2026\/03\/ban-ca.webp\" class=\"attachment-original size-original\" alt=\"o8\" \/>\t\t\t\t\t\t\n\t\t\t\t\t<\/div>\n\t\t\t\t\t\t<\/a>\t\t\n<style>\n#image_1450516890 {\n  width: 100%;\n}\n<\/style>\n\t<\/div>\n\t\n\t\t<\/div>\n\t\t\t\t\t<\/div>\n\n\t\n<\/div>\n\t\t<\/div>\n\t\t\t\t\t<\/div>\n\n\t\n\n\t<div id=\"col-867983284\" class=\"col medium-4 small-12 large-4\"  >\n\t\t\t\t<div class=\"col-inner\"  >\n\t\t\t\n\t\t\t\n<div class=\"row\"  id=\"row-1676185247\">\n\n\t<div id=\"col-188187858\" class=\"col medium-6 small-12 large-6\"  >\n\t\t\t\t<div class=\"col-inner\"  >\n\t\t\t\n\t\t\t\n\t<div class=\"img has-hover x md-x lg-x y md-y lg-y\" id=\"image_799823709\">\n\t\t<a class=\"\" href=\"https:\/\/o8-com.com\/qc\/1\" target=\"_blank\" rel=\"noopener\" >\t\t\t\t\t\t<div class=\"img-inner dark\" >\n\t\t\t<img loading=\"lazy\" decoding=\"async\" width=\"160\" height=\"250\" src=\"https:\/\/o8-com.com\/wp-content\/uploads\/2026\/03\/da-ga.webp\" class=\"attachment-original size-original\" alt=\"o8\" \/>\t\t\t\t\t\t\n\t\t\t\t\t<\/div>\n\t\t\t\t\t\t<\/a>\t\t\n<style>\n#image_799823709 {\n  width: 100%;\n}\n<\/style>\n\t<\/div>\n\t\n\t\t<\/div>\n\t\t\t\t\t<\/div>\n\n\t\n\n\t<div id=\"col-10362552\" class=\"col medium-6 small-12 large-6\"  >\n\t\t\t\t<div class=\"col-inner\"  >\n\t\t\t\n\t\t\t\n\t<div class=\"img has-hover x md-x lg-x y md-y lg-y\" id=\"image_976648579\">\n\t\t<a class=\"\" href=\"https:\/\/o8-com.com\/qc\/1\" target=\"_blank\" rel=\"noopener\" >\t\t\t\t\t\t<div class=\"img-inner dark\" >\n\t\t\t<img loading=\"lazy\" decoding=\"async\" width=\"160\" height=\"250\" src=\"https:\/\/o8-com.com\/wp-content\/uploads\/2026\/03\/xo-so.webp\" class=\"attachment-original size-original\" alt=\"\" \/>\t\t\t\t\t\t\n\t\t\t\t\t<\/div>\n\t\t\t\t\t\t<\/a>\t\t\n<style>\n#image_976648579 {\n  width: 100%;\n}\n<\/style>\n\t<\/div>\n\t\n\t\t<\/div>\n\t\t\t\t\t<\/div>\n\n\t\n<\/div>\n\t\t<\/div>\n\t\t\t\t\t<\/div>\n\n\t\n<\/div>\n<div class=\"row\"  id=\"row-114268238\">\n\n\t<div id=\"col-36092603\" class=\"col small-12 large-12\"  >\n\t\t\t\t<div class=\"col-inner\"  >\n\t\t\t\n\t\t\t\n\t<div id=\"text-3574227985\" class=\"text\">\n\t\t\n<h1 style=\"text-align: center;\"><span style=\"font-family: verdana, geneva, sans-serif;\"><strong class=\"Yjhzub\" data-sfc-cb=\"\" data-complete=\"true\" aria-owns=\"action-menu-parent-container\"><a href=\"https:\/\/o8-cd.pages.dev\/\" target=\"_blank\" rel=\"noopener\">o8.com<\/a> \u2013 Link Truy C\u1eadp o8 Ch\u00ednh Th\u1ee9c 2026 | \u0110\u0103ng K\u00fd Nh\u1eadn 88k<\/strong><\/span><\/h1>\n<blockquote>\n<p><span style=\"font-family: verdana, geneva, sans-serif;\">Ch\u00e0o \u0111\u00f3n &#8220;si\u00eau t\u00e2n binh&#8221; <strong>o8\u00a0<\/strong>\u2013 Bi\u1ec3u t\u01b0\u1ee3ng gi\u1ea3i tr\u00ed b\u00f9ng n\u1ed5 n\u0103m 2026! Kh\u00f4ng ch\u1ec9 s\u1edf h\u1eefu kho tr\u00f2 ch\u01a1i kh\u1ed5ng l\u1ed3, o8 c\u00f2n chinh ph\u1ee5c ng\u01b0\u1eddi ch\u01a1i b\u1edfi d\u1ecbch v\u1ee5 t\u1eadn t\u00e2m 24\/7 v\u00e0 &#8220;c\u01a1n m\u01b0a&#8221; khuy\u1ebfn m\u00e3i c\u1ef1c kh\u1ee7ng. Tham gia ngay \u0111\u1ec3 t\u1eadn h\u01b0\u1edfng kh\u00f4ng gian gi\u1ea3i tr\u00ed \u0111\u1eb3ng c\u1ea5p nh\u1ea5t hi\u1ec7n nay!<\/span><\/p>\n<p><span style=\"font-family: verdana, geneva, sans-serif;\">Link truy c\u1eadp nh\u00e0 c\u00e1i ch\u00ednh th\u1ee9c: <a href=\"https:\/\/o8-com.com\/\"><strong>https:\/\/o8-com.com\/<\/strong><\/a><\/span><\/p>\n<\/blockquote>\n<h2 data-start=\"709\" data-end=\"755\"><span style=\"font-family: verdana, geneva, sans-serif;\">\u0110i\u1ec3m N\u1ed5i B\u1eadt V\u01b0\u1ee3t Tr\u1ed9i C\u1ee7a o8<\/span><\/h2>\n<p><span style=\"font-family: verdana, geneva, sans-serif;\">V\u1edbi c\u1eadp nh\u1eadt c\u00f4ng ngh\u1ec7 c\u00f9ng \u0111\u1ed9i ng\u0169 nh\u00e2n l\u1ef1c chuy\u00ean nghi\u1ec7p, lu\u00f4n c\u1eadp nh\u1eadt c\u1ea3i ti\u1ebfn \u0111\u1ec3 cho ra s\u1ea3n ph\u1ea9m ch\u1ea5t l\u01b0\u1ee3ng cao nh\u1ea5t.<\/span><\/p>\n<h3 data-start=\"864\" data-end=\"909\"><span style=\"font-family: verdana, geneva, sans-serif;\">1. Giao Di\u1ec7n Website Hi\u1ec7n \u0110\u1ea1i, Th\u00e2n Thi\u1ec7n<\/span><\/h3>\n<p data-start=\"911\" data-end=\"1146\"><span style=\"font-family: verdana, geneva, sans-serif;\"><b>o8 <\/b>\u0111\u01b0\u1ee3c thi\u1ebft k\u1ebf v\u1edbi giao di\u1ec7n hi\u1ec7n \u0111\u1ea1i, d\u1ec5 s\u1eed d\u1ee5ng, b\u1ed1 c\u1ee5c r\u00f5 r\u00e0ng, ph\u00e2n chia danh m\u1ee5c h\u1ee3p l\u00fd. Ng\u01b0\u1eddi ch\u01a1i c\u00f3 th\u1ec3 d\u1ec5 d\u00e0ng t\u00ecm th\u1ea5y c\u00e1c chuy\u00ean m\u1ee5c nh\u01b0\u00a0<strong data-start=\"1063\" data-end=\"1111\">Th\u1ec3 thao, Casino, Slot Game, X\u1ed5 s\u1ed1, Game b\u00e0i<\/strong>\u00a0ch\u1ec9 trong v\u00e0i thao t\u00e1c \u0111\u01a1n gi\u1ea3n.<\/span><\/p>\n<p data-start=\"1148\" data-end=\"1301\"><span style=\"font-family: verdana, geneva, sans-serif;\">\u0110\u1eb7c bi\u1ec7t, ch\u00fang t\u00f4i c\u00f2n t\u1ed1i \u01b0u cho thi\u1ebft b\u1ecb di \u0111\u1ed9ng v\u1edbi phi\u00ean b\u1ea3n web v\u00e0 app ri\u00eang bi\u1ec7t, mang \u0111\u1ebfn tr\u1ea3i nghi\u1ec7m m\u01b0\u1ee3t m\u00e0, kh\u00f4ng b\u1ecb gi\u1eadt lag khi tham gia c\u00e1 c\u01b0\u1ee3c.<\/span><\/p>\n<h3 data-start=\"1303\" data-end=\"1343\"><span style=\"font-family: verdana, geneva, sans-serif;\">2. \u0110\u1ed9 Uy T\u00edn Cao \u2013 B\u1ea3o M\u1eadt Tuy\u1ec7t \u0110\u1ed1i<\/span><\/h3>\n<p data-start=\"1345\" data-end=\"1521\"><span style=\"font-family: verdana, geneva, sans-serif;\"><strong>o8<\/strong>\u00a0\u0111\u01b0\u1ee3c c\u1ea5p ph\u00e9p b\u1edfi t\u1ed5 ch\u1ee9c c\u00e1 c\u01b0\u1ee3c qu\u1ed1c t\u1ebf uy t\u00edn v\u00e0 ho\u1ea1t \u0111\u1ed9ng minh b\u1ea1ch. T\u1ea5t c\u1ea3 d\u1eef li\u1ec7u c\u00e1 nh\u00e2n v\u00e0 giao d\u1ecbch c\u1ee7a ng\u01b0\u1eddi ch\u01a1i \u0111\u1ec1u \u0111\u01b0\u1ee3c m\u00e3 h\u00f3a b\u1eb1ng c\u00f4ng ngh\u1ec7 SSL ti\u00ean ti\u1ebfn.<\/span><\/p>\n<p data-start=\"1523\" data-end=\"1733\"><span style=\"font-family: verdana, geneva, sans-serif;\">Ngo\u00e0i ra, c\u00e1c s\u1ea3n ph\u1ea9m tr\u00f2 ch\u01a1i v\u00e0 c\u01b0\u1ee3c th\u1ec3 thao \u0111\u1ec1u \u0111\u01b0\u1ee3c ki\u1ec3m duy\u1ec7t ch\u1eb7t ch\u1ebd, \u0111\u1ea3m b\u1ea3o\u00a0<strong data-start=\"1610\" data-end=\"1649\">k\u1ebft qu\u1ea3 c\u00f4ng b\u1eb1ng \u2013 kh\u00f4ng can thi\u1ec7p<\/strong>. \u0110i\u1ec1u n\u00e0y \u0111\u00e3 gi\u00fap ch\u00fang t\u00f4i\u00a0x\u00e2y d\u1ef1ng \u0111\u01b0\u1ee3c ni\u1ec1m tin tuy\u1ec7t \u0111\u1ed1i trong c\u1ed9ng \u0111\u1ed3ng ng\u01b0\u1eddi ch\u01a1i.<\/span><\/p>\n<h3 data-start=\"1735\" data-end=\"1766\"><span style=\"font-family: verdana, geneva, sans-serif;\">3. \u0110a D\u1ea1ng Tr\u00f2 Ch\u01a1i \u1edf o8<\/span><\/h3>\n<p data-start=\"1768\" data-end=\"1861\"><span style=\"font-family: verdana, geneva, sans-serif;\">C\u1ed5ng game cung c\u1ea5p \u0111\u1ea7y \u0111\u1ee7 c\u00e1c h\u1ea1ng m\u1ee5c gi\u1ea3i tr\u00ed \u0111\u1ec3 \u0111\u00e1p \u1ee9ng nhu c\u1ea7u c\u1ee7a m\u1ecdi \u0111\u1ed1i t\u01b0\u1ee3ng ng\u01b0\u1eddi ch\u01a1i:<\/span><\/p>\n<ul>\n<li data-start=\"1865\" data-end=\"1956\"><span style=\"font-family: verdana, geneva, sans-serif;\"><strong data-start=\"1865\" data-end=\"1886\">C\u00e1 c\u01b0\u1ee3c th\u1ec3 thao:<\/strong>\u00a0B\u00f3ng \u0111\u00e1, b\u00f3ng r\u1ed5, tennis, c\u1ea7u l\u00f4ng, eSports\u2026 v\u1edbi t\u1ef7 l\u1ec7 k\u00e8o \u0111a d\u1ea1ng.<\/span><\/li>\n<li data-start=\"1959\" data-end=\"2072\"><span style=\"font-family: verdana, geneva, sans-serif;\"><strong data-start=\"1959\" data-end=\"1981\">Casino tr\u1ef1c tuy\u1ebfn:<\/strong>\u00a0Baccarat, Roulette, Blackjack, Sicbo v\u1edbi dealer xinh \u0111\u1eb9p v\u00e0 h\u1ec7 th\u1ed1ng livestream s\u1eafc n\u00e9t.<\/span><\/li>\n<li data-start=\"2075\" data-end=\"2158\"><span style=\"font-family: verdana, geneva, sans-serif;\"><strong data-start=\"2075\" data-end=\"2089\">Slot game:<\/strong>\u00a0H\u00e0ng ngh\u00ecn t\u1ef1a game n\u1ed5 h\u0169 t\u1eeb c\u00e1c nh\u00e0 ph\u00e1t tri\u1ec3n h\u00e0ng \u0111\u1ea7u th\u1ebf gi\u1edbi.<\/span><\/li>\n<li data-start=\"2161\" data-end=\"2227\"><span style=\"font-family: verdana, geneva, sans-serif;\"><strong data-start=\"2161\" data-end=\"2179\">X\u1ed5 s\u1ed1 :<\/strong>\u00a0\u0110\u1ea7y \u0111\u1ee7 x\u1ed5 s\u1ed1 truy\u1ec1n th\u1ed1ng, Keno, game Number.<\/span><\/li>\n<li data-start=\"2230\" data-end=\"2300\"><span style=\"font-family: verdana, geneva, sans-serif;\"><strong data-start=\"2230\" data-end=\"2254\">Game b\u00e0i \u0111\u1ed5i th\u01b0\u1edfng:<\/strong>\u00a0Ti\u1ebfn l\u00ean, Poker, Ph\u1ecfm, M\u1eadu binh, X\u00ec d\u00e1ch\u2026<\/span><\/li>\n<\/ul>\n<p data-start=\"2302\" data-end=\"2397\"><span style=\"font-family: verdana, geneva, sans-serif;\">V\u1edbi danh m\u1ee5c tr\u00f2 ch\u01a1i phong ph\u00fa n\u00e0y, ng\u01b0\u1eddi ch\u01a1i c\u00f3 th\u1ec3 th\u1ecfa s\u1ee9c l\u1ef1a ch\u1ecdn theo s\u1edf th\u00edch c\u00e1 nh\u00e2n.<\/span><\/p>\n<h3 data-start=\"1897\" data-end=\"1929\"><span style=\"font-family: verdana, geneva, sans-serif;\">4. Khuy\u1ebfn m\u00e3i v\u00e0 \u01b0u \u0111\u00e3i t\u1ea1i o8<\/span><\/h3>\n<p data-start=\"1931\" data-end=\"2289\"><span style=\"font-family: verdana, geneva, sans-serif;\"><strong data-start=\"2057\" data-end=\"2069\">o8 com<\/strong>\u00a0lu\u00f4n bi\u1ebft c\u00e1ch l\u00e0m h\u00e0i l\u00f2ng ng\u01b0\u1eddi ch\u01a1i v\u1edbi nhi\u1ec1u ch\u01b0\u01a1ng tr\u00ecnh khuy\u1ebfn m\u00e3i h\u1ea5p d\u1eabn. T\u00e2n th\u1ee7 khi \u0111\u0103ng k\u00fd t\u00e0i kho\u1ea3n s\u1ebd nh\u1eadn ngay ti\u1ec1n th\u01b0\u1edfng mi\u1ec5n ph\u00ed v\u00e0 \u01b0u \u0111\u00e3i n\u1ea1p l\u1ea7n \u0111\u1ea7u l\u00ean \u0111\u1ebfn 100%. Ng\u01b0\u1eddi ch\u01a1i l\u00e2u n\u0103m c\u00f3 c\u01a1 h\u1ed9i nh\u1eadn ho\u00e0n ti\u1ec1n h\u00e0ng tu\u1ea7n, giftcode gi\u00e1 tr\u1ecb, tham gia c\u00e1c s\u1ef1 ki\u1ec7n \u0111ua top ho\u1eb7c v\u00f2ng quay may m\u1eafn v\u1edbi ph\u1ea7n th\u01b0\u1edfng c\u1ef1c l\u1edbn.<\/span><\/p>\n<h3 data-start=\"2296\" data-end=\"2332\"><span style=\"font-family: verdana, geneva, sans-serif;\">5. Giao d\u1ecbch nhanh ch\u00f3ng v\u00e0 ti\u1ec7n l\u1ee3i<\/span><\/h3>\n<p data-start=\"2334\" data-end=\"2604\"><span style=\"font-family: verdana, geneva, sans-serif;\"><b>Nh\u00e0 c\u00e1i o8 <\/b>h\u1ed7 tr\u1ee3 nhi\u1ec1u ph\u01b0\u01a1ng th\u1ee9c thanh to\u00e1n nh\u01b0 chuy\u1ec3n kho\u1ea3n ng\u00e2n h\u00e0ng, v\u00ed \u0111i\u1ec7n t\u1eed Momo, ZaloPay, ViettelPay. T\u1ea5t c\u1ea3 giao d\u1ecbch n\u1ea1p \u2013 r\u00fat\u00a0\u0111\u1ec1u \u0111\u01b0\u1ee3c x\u1eed l\u00fd nhanh ch\u00f3ng, ch\u1ec9 1\u20133 ph\u00fat cho n\u1ea1p ti\u1ec1n v\u00e0 5\u201310 ph\u00fat cho r\u00fat ti\u1ec1n, \u0111\u1ea3m b\u1ea3o ti\u1ec7n l\u1ee3i v\u00e0 an to\u00e0n tuy\u1ec7t \u0111\u1ed1i.<\/span><\/p>\n<h2 data-start=\"2334\" data-end=\"2604\"><span style=\"font-family: verdana, geneva, sans-serif;\">K\u1ebft lu\u1eadn<\/span><\/h2>\n<p><span style=\"font-family: verdana, geneva, sans-serif;\">H\u1ed9i t\u1ee5 \u0111\u1ea7y \u0111\u1ee7 c\u00e1c y\u1ebfu t\u1ed1 t\u1eeb kho tr\u00f2 ch\u01a1i th\u1eddi th\u01b0\u1ee3ng, h\u1ec7 th\u1ed1ng b\u1ea3o m\u1eadt t\u1ed1i t\u00e2n \u0111\u1ebfn t\u1ed1c \u0111\u1ed9 giao d\u1ecbch si\u00eau t\u1ed1c,\u00a0<strong class=\"Yjhzub\" data-sfc-cb=\"\" data-complete=\"true\" data-processed=\"true\">o8<\/strong>\u00a0t\u1ef1 h\u00e0o l\u00e0 \u0111i\u1ec3m \u0111\u1ebfn \u0111\u1eb3ng c\u1ea5p nh\u1ea5t n\u0103m 2026. H\u00e3y truy c\u1eadp <b>ngay c\u1ed5ng game o8<\/b><span style=\"font-size: 14.4px;\"> ngay h\u00f4m nay \u0111\u1ec3 khai ph\u00e1 kh\u00f4ng gian gi\u1ea3i tr\u00ed \u0111\u1ec9nh cao v\u00e0 n\u1eafm b\u1eaft c\u01a1 h\u1ed9i l\u00e0m gi\u00e0u trong t\u1ea7m tay.<\/span><\/span><\/p>\n\t\t\n<style>\n#text-3574227985 {\n  color: rgb(0,0,0);\n}\n#text-3574227985 > * {\n  color: rgb(0,0,0);\n}\n<\/style>\n\t<\/div>\n\t\n<div class=\"container section-title-container\" ><h2 class=\"section-title section-title-center\"><b><\/b><span class=\"section-title-main\" style=\"color:rgb(17, 16, 16);\">C\u00e1c ch\u01b0\u01a1ng tr\u00ecnh khuy\u1ebfn m\u00e3i c\u1ef1c hot t\u1ea1i o8<\/span><b><\/b><\/h2><\/div>\n<div class=\"row\"  id=\"row-94316034\">\n\n\t<div id=\"col-660549550\" class=\"col medium-6 small-12 large-6\"  >\n\t\t\t\t<div class=\"col-inner\"  >\n\t\t\t\n\t\t\t\n\t<div class=\"img has-hover x md-x lg-x y md-y lg-y\" id=\"image_337531852\">\n\t\t\t\t\t\t\t\t<div class=\"img-inner dark\" >\n\t\t\t<img loading=\"lazy\" decoding=\"async\" width=\"690\" height=\"236\" src=\"https:\/\/o8-com.com\/wp-content\/uploads\/2026\/03\/o8-diemdanh-1.png\" class=\"attachment-original size-original\" alt=\"o8\" srcset=\"https:\/\/o8-com.com\/wp-content\/uploads\/2026\/03\/o8-diemdanh-1.png 690w, https:\/\/o8-com.com\/wp-content\/uploads\/2026\/03\/o8-diemdanh-1-300x103.png 300w\" sizes=\"auto, (max-width: 690px) 100vw, 690px\" \/>\t\t\t\t\t\t\n\t\t\t\t\t<\/div>\n\t\t\t\t\t\t\t\t\n<style>\n#image_337531852 {\n  width: 100%;\n}\n<\/style>\n\t<\/div>\n\t\n\t\t<\/div>\n\t\t\t\t\t<\/div>\n\n\t\n\n\t<div id=\"col-549068453\" class=\"col medium-6 small-12 large-6\"  >\n\t\t\t\t<div class=\"col-inner\"  >\n\t\t\t\n\t\t\t\n\t<div class=\"img has-hover x md-x lg-x y md-y lg-y\" id=\"image_663056832\">\n\t\t\t\t\t\t\t\t<div class=\"img-inner dark\" >\n\t\t\t<img loading=\"lazy\" decoding=\"async\" width=\"690\" height=\"236\" src=\"https:\/\/o8-com.com\/wp-content\/uploads\/2026\/03\/o8-game.png\" class=\"attachment-original size-original\" alt=\"o8\" srcset=\"https:\/\/o8-com.com\/wp-content\/uploads\/2026\/03\/o8-game.png 690w, https:\/\/o8-com.com\/wp-content\/uploads\/2026\/03\/o8-game-300x103.png 300w\" sizes=\"auto, (max-width: 690px) 100vw, 690px\" \/>\t\t\t\t\t\t\n\t\t\t\t\t<\/div>\n\t\t\t\t\t\t\t\t\n<style>\n#image_663056832 {\n  width: 100%;\n}\n<\/style>\n\t<\/div>\n\t\n\t\t<\/div>\n\t\t\t\t\t<\/div>\n\n\t\n<\/div>\n<div class=\"row\"  id=\"row-1270989981\">\n\n\t<div id=\"col-872246523\" class=\"col medium-6 small-12 large-6\"  >\n\t\t\t\t<div class=\"col-inner\"  >\n\t\t\t\n\t\t\t\n\t<div class=\"img has-hover x md-x lg-x y md-y lg-y\" id=\"image_150975788\">\n\t\t\t\t\t\t\t\t<div class=\"img-inner dark\" >\n\t\t\t<img loading=\"lazy\" decoding=\"async\" width=\"690\" height=\"236\" src=\"https:\/\/o8-com.com\/wp-content\/uploads\/2026\/03\/o8-diemdanh-2.png\" class=\"attachment-original size-original\" alt=\"o8\" srcset=\"https:\/\/o8-com.com\/wp-content\/uploads\/2026\/03\/o8-diemdanh-2.png 690w, https:\/\/o8-com.com\/wp-content\/uploads\/2026\/03\/o8-diemdanh-2-300x103.png 300w\" sizes=\"auto, (max-width: 690px) 100vw, 690px\" \/>\t\t\t\t\t\t\n\t\t\t\t\t<\/div>\n\t\t\t\t\t\t\t\t\n<style>\n#image_150975788 {\n  width: 100%;\n}\n<\/style>\n\t<\/div>\n\t\n\t\t<\/div>\n\t\t\t\t\t<\/div>\n\n\t\n\n\t<div id=\"col-202017565\" class=\"col medium-6 small-12 large-6\"  >\n\t\t\t\t<div class=\"col-inner\"  >\n\t\t\t\n\t\t\t\n\t<div class=\"img has-hover x md-x lg-x y md-y lg-y\" id=\"image_538526701\">\n\t\t\t\t\t\t\t\t<div class=\"img-inner dark\" >\n\t\t\t<img loading=\"lazy\" decoding=\"async\" width=\"690\" height=\"236\" src=\"https:\/\/o8-com.com\/wp-content\/uploads\/2026\/03\/viptuan-o8.png\" class=\"attachment-original size-original\" alt=\"o8\" srcset=\"https:\/\/o8-com.com\/wp-content\/uploads\/2026\/03\/viptuan-o8.png 690w, https:\/\/o8-com.com\/wp-content\/uploads\/2026\/03\/viptuan-o8-300x103.png 300w\" sizes=\"auto, (max-width: 690px) 100vw, 690px\" \/>\t\t\t\t\t\t\n\t\t\t\t\t<\/div>\n\t\t\t\t\t\t\t\t\n<style>\n#image_538526701 {\n  width: 100%;\n}\n<\/style>\n\t<\/div>\n\t\n\t\t<\/div>\n\t\t\t\t\t<\/div>\n\n\t\n<\/div>\n\t\t<\/div>\n\t\t\t\t\t<\/div>\n\n\t\n<\/div>\n","protected":false},"excerpt":{"rendered":"","protected":false},"author":1,"featured_media":6,"parent":0,"menu_order":0,"comment_status":"closed","ping_status":"closed","template":"","meta":{"footnotes":""},"class_list":["post-21","page","type-page","status-publish","has-post-thumbnail","hentry"],"_links":{"self":[{"href":"https:\/\/o8-com.com\/index.php?rest_route=\/wp\/v2\/pages\/21","targetHints":{"allow":["GET"]}}],"collection":[{"href":"https:\/\/o8-com.com\/index.php?rest_route=\/wp\/v2\/pages"}],"about":[{"href":"https:\/\/o8-com.com\/index.php?rest_route=\/wp\/v2\/types\/page"}],"author":[{"embeddable":true,"href":"https:\/\/o8-com.com\/index.php?rest_route=\/wp\/v2\/users\/1"}],"replies":[{"embeddable":true,"href":"https:\/\/o8-com.com\/index.php?rest_route=%2Fwp%2Fv2%2Fcomments&post=21"}],"version-history":[{"count":7,"href":"https:\/\/o8-com.com\/index.php?rest_route=\/wp\/v2\/pages\/21\/revisions"}],"predecessor-version":[{"id":56,"href":"https:\/\/o8-com.com\/index.php?rest_route=\/wp\/v2\/pages\/21\/revisions\/56"}],"wp:featuredmedia":[{"embeddable":true,"href":"https:\/\/o8-com.com\/index.php?rest_route=\/wp\/v2\/media\/6"}],"wp:attachment":[{"href":"https:\/\/o8-com.com\/index.php?rest_route=%2Fwp%2Fv2%2Fmedia&parent=21"}],"curies":[{"name":"wp","href":"https:\/\/api.w.org\/{rel}","templated":true}]}}